Is g(q) a composite number?
False
Suppose -2*n + 4602 = -0*q + 4*q, 4*n = 4*q + 9204. Suppose -4*c + n = -5*f + 147, -4*c + 2160 = -2*f. Is c a composite number?
False
Suppose 3*r = 50747 + 37954. Is r a composite number?
False
Let c = 457 + -994. Let x = -355 - c. Suppose x = 4*o + 4*w - 50, w - 3 = 0. Is o a prime number?
False
Let l(p) be the first derivative of 4*p**3 - 4*p**2 - 3*p - 13. Is l(-7) composite?
False
Suppose 2 = 12*k - 14*k. Is (k - 0)/(4/(-412)) a composite number?
False
Let q(t) = -18*t + 6*t + t + 48. Is q(-10) a composite number?
True
Let u(g) = 20*g**2 - 3*g - 9. Let i be u(-7). Suppose -2403 = -7*k + i. Is k prime?
False
Let a(v) = v**3 + 2*v**2 - 5*v - 3. Let x be a(-4). Is (175/x)/(-7)*33 a prime number?
False
Is (-1)/(-12)*18 - (-4499)/2 composite?
False
Suppose -492*w = -510*w + 332658. Is w composite?
False
Suppose 256 = 4*l + 4*u + 68, 235 = 5*l + 3*u. Let b(s) = 6*s**2 - 42*s + 4. Let a be b(7). Suppose a*o - l = -y, 4*y + 3*o - 210 = -2*o. Is y a prime number?
False
Let m = 9 - 4. Suppose -8 = -4*c, -6 = -4*x - 0*c + m*c. Suppose -3*w + w - 5*o = -2697, 2*w = x*o + 2742. Is w composite?
False
Let t be (-288)/(-84) + (-3)/7. Let c(a) = -2*a**3 - 6*a**2 + 4*a + 3. Let p be c(-5). Suppose t*g - 154 = 4*s, -g - 4*s = s - p. Is g a prime number?
False
Suppose -599 - 1175 = -2*s. Is s prime?
True
Suppose 30*l - 36*l + 619626 = 0. Is l a composite number?
True
Suppose 0 = 14*l - 9*l - 65. Let u = 1670 - l. Is u composite?
False
Let s = -66644 + 107431. Is s prime?
True
Suppose 339 = 3*z - 831. Suppose d - 112 = -z. Let u = -189 - d. Is u prime?
True
Let s(l) = -l**3 - 6*l**2 - 6*l. Let g be s(-5). Suppose g*n + 1304 = 3*p, -3*p + 1319 - 10 = -4*n. Is p a composite number?
False
Let a(j) = 5*j**2 + 23*j + 54. Let y be a(-24). Suppose 2*v = b + 4629, y = 2*v - 5*b - 2227. Is v composite?
True
Let j = 302 - 447. Suppose -3*h = -h + 72. Let m = h - j. Is m a prime number?
True
Let x = 98 + -125. Is (-15723)/x + (-2)/(-3) composite?
True
Let o = 9349 - 4758. Is o composite?
False
Let l = 13 - 6. Suppose 11*u = l*u - 16. Is ((-6)/u + -2)*-278 a composite number?
False
Is (-198135)/(-42) - -3*4/(-24) a prime number?
False
Let k = 23 + -19. Suppose 0 = -f + k, 789 = l - 5*f. Is l composite?
False
Let i = 966 - -46. Let z = 3345 - i. Is z a prime number?
True
Suppose 0 = -l + 3 + 1. Suppose 2*f - 2*m = 12010, -3*m = -l*f + 14749 + 9273. Is f prime?
True
Let x be 9/(-3)*9/(-9). Let o(z) = 187*z**3 + z**2 + 6*z + 3. Is o(x) prime?
False
Let c(s) = -4*s + 12. Let h be c(3). Suppose -4*l = -o - 3*o + 3336, -3*o - 2*l + 2507 = h. Is o a composite number?
True
Let y(c) = -1 + 3*c**2 + 6*c**2 - 15*c**3 + 61*c + 3 - 64*c. Is y(-7) prime?
False
Let w = -26 - -28. Suppose w*o + 2*o = 12. Is o prime?
True
Let k = 6629 + -1768. Is k prime?
True
Let i = 216 + -96. Suppose 122*y - 134 = i*y. Is y composite?
False
Let q(u) = 7*u**2 - 2*u + 29. Is q(-24) a composite number?
True
Suppose 18*z - 17*z - 5079 = 0. Is (0/(-3) + 3)*z/9 a composite number?
False
Suppose 258 = 3*w - 3765. Suppose 745 = 14*h - w. Is h prime?
True
Let r be (-8 + 12)/(1 - 0). Suppose 3*f - 1 = 5*l + 5, -4*f + 8 = -r*l. Suppose -5*v + v + 472 = l. Is v composite?
True
Let m(j) = -4*j - 16. Let o be m(-6). Let y(r) = 41*r + 11. Is y(o) a prime number?
False
Is (-329505)/(-10)*(-10)/(-15) composite?
True
Suppose -6*h - 1308 = -2*h. Let n = h - -530. Is n prime?
False
Let o be (4 + -6 + -2)/((-2)/2148). Let k = o + -1979. Is k a prime number?
False
Suppose -144*y + 142*y = -34070. Is y a prime number?
False
Let a = -8470 - -20033. Is a prime?
False
Suppose m - 5*c - 35 = 0, 3*m + c = 4*m - 19. Let v = m + -145. Let l = v - -263. Is l a composite number?
True
Let d(j) = -j**3 - 6*j**2 - 7*j - 7. Let z be d(-4). Let r(w) = -351*w - 7. Let o be r(z). Let m = o - 2389. Is m a prime number?
False
Let x be 1/((-485)/(-245) + -2). Let a(q) = -q**2 + 71. Let f be a(0). Let k = x + f. Is k a composite number?
True
Suppose -f = -5*q - 0*q - 952, -f - 3*q + 976 = 0. Is f composite?
False
Let p(x) be the second derivative of -1/3*x**3 + 5*x - 3/2*x**2 - 1/20*x**5 + 0*x**4 + 0. Is p(-2) a prime number?
False
Suppose 0 = -q + l + 1 + 16, -2*q - l + 28 = 0. Suppose -5*u - 5*w + q = 0, 20 = u + 3*u - 4*w. Suppose u*k - 55 = -j + 179, -2*j - 63 = -k. Is k prime?
True
Suppose -12*r + 9951 = -8709. Is r composite?
True
Is (2 + (-120504)/(-9))*27/18 composite?
True
Suppose -31*g + 3091258 = -1352809. Is g prime?
True
Suppose -13*b + 5525 + 5629 = 0. Let g(q) = q**3 + 17*q**2 + 5*q + 5. Let z be g(-8). Let s = b - z. Is s a composite number?
False
Let u be 6 + -6 + 1 + 1. Suppose s + 2*s + u*k = 6, 5*k = 5*s + 15. Suppose s*c = 2*c - 230. Is c a composite number?
True
Let p = 5598 - 2945. Is p composite?
True
Let h be 5*(6/(-15) + 1). Let c = -9 + 13. Suppose c*g - 942 = -n, 2*n + 826 = h*g + 125. Is g a composite number?
True
Let a(z) = -10*z**3 + 11*z**2 + 9*z - 31. Is a(-9) prime?
True
Is (-1326931)/(-333) + (-4)/(-18) a composite number?
True
Is (510966/(-12))/((-9)/6) a composite number?
False
Suppose 4*i - 6*i - 2*t = -18, 3*t - 9 = -i. Suppose i*l = 4*l + 955. Is l prime?
True
Let f(x) = -x**3 + 8*x**2 - 7*x - 8. Let k be f(6). Let m be k/99 - 25/(-9). Is (-54 - (m + -2))/(-1) a prime number?
False
Suppose -x + 3*m = -17, 7 + 33 = 4*x - 5*m. Suppose 1356 - 61 = x*l. Is l prime?
False
Let k(m) = -885*m + 10. Let o be k(-3). Suppose -7571 = -4*r + o. Is r a composite number?
True
Let q(p) = p**3 - 8*p**2 - 9*p + 4. Let u be q(9). Suppose u*k + 0*k - 12 = 0. Suppose 0 = -2*g + 4*z + 586, 1465 = 5*g - k*z - z. Is g composite?
False
Let b(o) = -783*o + 167. Is b(-10) prime?
False
Let j(w) = -w + 15. Let y be j(-5). Let p = 99 - y. Is p a prime number?
True
Let u(m) = -29*m + 9. Let i(g) = -28*g + 9. Let s(h) = 5*i(h) - 6*u(h). Suppose -3*o + 8 = -o. Is s(o) composite?
False
Suppose -147409 = -9*r + 14906. Is r a composite number?
True
Is -8 + (-7736 + -1)*-1 prime?
False
Let g(c) = -c**3 + c + 341. Suppose 2*t + 8 = 2*k, -2*t - 12 = k + t. Is g(k) a prime number?
False
Let i(l) = 755*l**2 + 13*l - 9. Is i(5) prime?
False
Let a be (-1 + 3)*6/4. Suppose 2*w = -a*b - 2 - 5, -15 = 3*b. Is 6/w - (-99)/2 a prime number?
False
Suppose -7*z + 434 + 259 = 0. Let q = z - -928. Is q prime?
False
Let l(q) = 2*q**3 + 15*q**2 + 25*q + 19. Is l(12) a composite number?
True
Suppose 15300 = 4*r + 4*x, -3*r + 12622 = x + 1153. Suppose -3824 = -4*w - 4*d, 5*d - 7*d = 4*w - r. Is w composite?
True
Let w be 21/14*((-3830)/(-6) + -1). Suppose -3*u - 2*c = -13601, u - 3577 = -c + w. Is u prime?
False
Is 713490/68*2/3 a prime number?
False
Let u(q) = 9*q**2 - 9*q + 23. Suppose -3*y = -2*z - 4*y - 14, -5*z - 3*y = 34. Is u(z) composite?
True
Let b(s) = -12*s**2 + 13*s + 31. Let n(f) = 4*f**2 - 4*f - 10. Let c(q) = -3*b(q) - 8*n(q). Is c(12) a prime number?
True
Let b = -1351 + -410. Let f = 2596 + b. Suppose -4*i - 199 = -f. Is i a prime number?
False
Is -1*(5 + -3)*(-12227)/2 prime?
True
Let v = 3621 + -2092. Is v a composite number?
True
Suppose 9 = 5*s - 8*s. Let u(z) = 35*z**2 - 2*z + 10. Is u(s) a composite number?
False
Let d(g) = -g**3 - 7*g**2 - g + 16. Let c be (-4)/12 + (-4)/(-3). Let k = -12 + c. Is d(k) a prime number?
False
Let u(a) = -a**3 - a**2 - 1. Let p(z) = -7*z**3 - 15*z**2 + 6*z - 4. Let l(n) = p(n) - 6*u(n). Let r be l(-7). Let w = r + 509. Is w a prime number?
False
Let i(p) = p - 7. Suppose 12*w - 7*w - 25 = 0. Let o be i(w). Is 1902/3*(-1)/o composite?
False
Suppose 10*c + 4*d = 6*c + 53104, -2*d - 66345 = -5*c. Is c a prime number?
False
Let f(v) = -556*v + 1. Let i be f(2). Let y = i - -1596. Suppose 0 = 5*n - 2*c - 2099, n + 72 = -3*c + y. Is n a composite number?
False
Let c(w) = -7*w**3 - w**2 + w. Let t be c(1). Let q(x) = 3*x**2 - 8*x + 8. Let k(s) = -s**2 - s + 1. Let i(b) = -2*k(b) + q(b). Is i(t) a prime number?
True
Suppose 0 = -3*d + 8*d - 10285. Let t = d - 658. Is t prime?
True
Let l(p) = 10*p**3 - 44*p**2 - 60*p - 183. Is l(31) prime?
False
Let y(c) = -2 + 3*c + 4*c + 0*c + 0*c. Is y(5) prime?
False
Let n(x) = x**3 - 5*x**2 + 5*x - 2. Let g be n(4). Suppose g*t = 0, p + 0*p = t + 323. Is p composite?
True
Let r(q) = 46*q**2 + 5*q - 8. Suppose 1 = -m + 6. Is r(m) composite?
